 5*y + 2264 = 2*z. Is z a prime number?
False
Suppose j + 9 = 4*j. Is (15/10)/(j/13726) composite?
False
Let t = 87065 - -641592. Is t prime?
False
Suppose -3*w + w + 1922 = 0. Suppose 5*l - 5572 = -4*a + w, -l - 3 = 0. Is a composite?
False
Let c be (-22)/(-4)*(8/2 + -8). Let q(f) = f + 22. Let u be q(c). Suppose u = 9*w - 7*w - 710. Is w composite?
True
Suppose -2*d - 8 = -4*h + 5*h, -3*d + 5*h - 25 = 0. Is (-2)/d*5*5017 + 3 a prime number?
True
Let z = -13481 - -67452. Is z composite?
True
Suppose -7*o + 160 = o. Let d be 22/(-2) + o + -20. Is 6112/8*(d/(-4) - 1) a composite number?
True
Let m(p) = p**3 + 19 + 42 + 18*p + 19*p + 32*p**2. Is m(-30) a prime number?
True
Is (2656216/340)/((18/15)/3) composite?
False
Let h(d) = d**3 - 6*d**2 + 9*d - 54. Let o be h(6). Suppose 4*n = -5*y + 3639, o = -3*y - 15 + 12. Is n prime?
True
Suppose 118*n = 122*n - 4*h - 421608, 0 = -2*h + 10. Is n a prime number?
True
Let r(g) = -5*g**2 - 4*g - 6 - 8*g**2 - g**2 + 0*g. Let j be r(3). Let w = 475 + j. Is w a composite number?
False
Suppose -10*b = -2*b + 10016. Let x = b - -3815. Is x a prime number?
False
Suppose 70*g = 33*g + 4741883. Is g a composite number?
False
Suppose 85445654 = 209*s - 135*s. Is s composite?
True
Let z be 10 - (5/5 + 6). Suppose -5*g + 13275 + 1396 = -f, -2*g - z*f = -5882. Is g composite?
True
Suppose 3*k = 5*g - 7608, -2*k - 9728 = -4*g - 3640. Suppose -g = 8*u - 257452. Is u a prime number?
True
Suppose -2465111 = -61*k + 1021771 - 749080. Is k composite?
True
Let y(w) = -91*w**3 - w**2 + w - 5. Let h(a) = -91*a**3 - 2*a**2 + 3*a - 5. Let o(r) = -4*h(r) + 3*y(r). Is o(4) prime?
False
Suppose -48835 + 16556 = -13*u. Suppose l = 3504 + u. Is l a composite number?
False
Let h(s) = -109*s + 16. Let r(f) = 1. Let k(o) = h(o) - 4*r(o). Let j be -2 + (-3)/6*6. Is k(j) a prime number?
True
Suppose -3*u = 2*u + 6140. Let a = 10190 + u. Is a a prime number?
False
Let n = 746247 - -1657030. Is n a composite number?
False
Let v(s) = -130*s**3 - 62*s**2 + 175*s + 83. Is v(-30) a composite number?
True
Let c = 171 - 163. Is c/(-6) + (-809831)/(-249) a composite number?
False
Let n(g) = -107*g**3 - 42*g**2 - 114*g + 17. Is n(-12) a composite number?
False
Suppose 37*h - 48*h + 64988 = 0. Suppose 9*j - h = 21083. Is j prime?
True
Let d(c) = 39*c + 60. Let y(q) = -80*q - 119. Let t(o) = -5*d(o) - 2*y(o). Is t(-23) prime?
True
Suppose 11 = -2*o + 4*a - a, -2*o - 3*a + 7 = 0. Let u(i) = -4184*i**3 - i**2 + 4*i + 4. Is u(o) a composite number?
True
Suppose 7*w - 13*w + 3*o = -183678, -5*w + 2*o = -153069. Is w prime?
False
Let i(p) = p**3 - 8*p**2 - 9*p + 19. Let z be i(9). Suppose z*u - 14*u - 445 = 0. Is u prime?
True
Let z = -466 - -467. Let k = z + 286. Is k prime?
False
Is 1/(2*(-14)/(-1108268)) prime?
True
Suppose 0 = -15*j + 2998429 - 732064. Is j a composite number?
False
Let i(u) = 54704*u**3 + 8*u**2 - 3*u. Is i(1) composite?
False
Suppose 0 = -5*f - 2*h - 33, 0 = -0*f - 5*f + 5*h - 5. Let n(t) = 22*t**2 - 5*t - 9. Let u be n(f). Suppose 0 = m - q - 2*q - u, 4*m - 2184 = -4*q. Is m prime?
False
Suppose -5*u + f + 66831 = 0, 5*u = 2*f + 38602 + 28225. Is u prime?
True
Let k(u) = 7327*u**2 + 116*u + 586. Is k(-5) a composite number?
True
Suppose q + 3434 = 3*p + 2*q, -2*p - 3*q + 2280 = 0. Suppose p = 4*r + 3682. Is (1*2 + 10/(-4))*r prime?
True
Suppose 2*o + 4 = m + 4*o, 0 = 4*m + 3*o + 9. Is (0 - 1)*2*4011/m a composite number?
True
Let u(f) = 383*f - 657. Is u(58) prime?
True
Is 88/132*128697/2 a composite number?
False
Let r(f) = f**3 + 5*f**2 + 7*f + 35. Let n be r(-5). Suppose n = -m - 3*y + 5969, -2*y = -6*y - 16. Is m composite?
False
Suppose -152 = -15*x - 23*x. Suppose x*q = 3*l + 12468, 4*l = -q - q + 6234. Is q a composite number?
True
Let t(g) = 461*g**2 + 34*g - 11. Is t(-6) a prime number?
True
Suppose 569 = 8*j - 4*j - 5*g, -4*g = j - 137. Suppose -j*d + 144*d = 3237. Is d a composite number?
True
Let b(y) = -110853*y + 101. Is b(-2) a composite number?
False
Let g(v) = 304*v - 11. Let u = 16 - 38. Let k be 2/11 + (-282)/u. Is g(k) prime?
False
Let s(c) = -4*c - 94. Let j be s(-26). Suppose j*i = 5701 + 889. Is i prime?
True
Suppose -3*v + 13 = 10. Let o(s) = s**2 + s - 1. Let b(j) = -4*j**2 + 13*j - 15. Let m(p) = v*b(p) + 5*o(p). Is m(9) prime?
True
Suppose -30*t + 1183448 + 298642 = 0. Is t a prime number?
False
Let t(u) = -u**3 - 30*u**2 + 49*u - 3. Let f be t(-24). Let l = f - -6952. Is l a composite number?
True
Let i be 12*(-6)/9 + 5. Let c be 7/2*(-1278)/i. Suppose 2*g - c = -145. Is g composite?
False
Is (-32 - (-527)/17)*(-14670 - -1) prime?
True
Suppose 0 = -373*z + 392*z - 3429899. Is z composite?
True
Let i(q) = 6*q**2 + 77*q + 780. Let o(x) = x**2 + 16*x + 156. Let h(j) = 2*i(j) - 11*o(j). Is h(-19) a prime number?
False
Let q = 5588 - 10346. Let z = -2149 - q. Is z a prime number?
True
Let x(d) = -664*d - 67. Let f be x(-8). Let a = f + -710. Is a composite?
True
Let b(c) = 1906*c - 1612. Is b(11) composite?
True
Let l = 53994 + -29401. Is l a prime number?
True
Let d(b) = -4*b + 20. Let y be d(-7). Let h = 505 - y. Is h a composite number?
False
Let s = 9 - -24. Let z be (-6)/s + 245922/33. Suppose -5*f - 1897 = -z. Is f composite?
True
Is (-26)/((-338)/3914391) - -2*5 a prime number?
False
Let n = 283 + -283. Suppose 5*x + 4 + 6 = n, g + 2*x - 745 = 0. Is g a prime number?
False
Let b = 147 + 993. Let z = 2779 - b. Is z prime?
False
Let c(g) = 10265*g**2 + 76*g + 202. Is c(-3) composite?
True
Let l(k) = -14*k + 72. Let p be l(5). Suppose -p*m - 2*o + 8055 = -m, -3*m = 2*o - 24173. Is m a composite number?
False
Let h(i) = 35 - 34*i + 9*i - i**3 + 10*i**2 + 16*i**2. Let y(d) = -d**3 + 15*d**2 + 5*d - 51. Let m be y(15). Is h(m) prime?
True
Let u(o) = -o**3 - 17*o**2 + 10*o - 5. Let h = 39 + -57. Let t be u(h). Suppose -5*g + t = -136. Is g composite?
True
Let h(l) = 179*l**2 + 2*l - 1. Suppose 2*u - 6*u - o = -1, 2*u - o = 5. Let d be h(u). Suppose -176 - d = -2*g. Is g a composite number?
True
Let v(c) = 774*c**3 + 7*c**2 - 48*c + 226. Is v(5) a composite number?
False
Let v(o) = 3981*o - 244. Suppose -153*s = -168*s + 75. Is v(s) a composite number?
False
Let x = -472 + 481. Is (10 - x)*((1 - -1) + 875) a prime number?
True
Suppose 25 = -4*g - 87. Is 1*(-1 - 0) + (-41496)/g prime?
True
Let q(o) = 36556*o - 40. Let c be q(2). Suppose 8*k = 622504 + c. Is k a prime number?
False
Let n be 14 - (7 - 3) - 0. Suppose n*s - 6264 - 626 = 0. Is s a prime number?
False
Let s = -830 + 1702. Let i = s + 765. Is i composite?
False
Let x(b) = 3 + 43*b**2 + 25*b**2 - 6 + 35*b**2 - 27*b**2 + 20*b. Is x(-18) a composite number?
True
Suppose -34*l - 20*l - 577936 + 5294998 = 0. Is l a composite number?
True
Suppose -3*h + 87 = -0. Let w = h + -7. Is 8/44 + 15594/w a prime number?
True
Suppose 3*l + 63201 = -5*g + 775399, -949602 = -4*l - 2*g. Is l a prime number?
True
Let k = -249 - -249. Suppose -3569 = -s - 5*h + 4090, k = -h - 2. Is s a prime number?
True
Let f(w) = 251*w**3 - 2*w**2 - 17*w + 229. Is f(5) a composite number?
False
Suppose 0*f - 12 = -3*f. Let k(a) = a + a + 20691 + a**3 - 20706. Is k(f) composite?
True
Let k = -15 + 39. Let o(c) = 27*c**2 + 2458*c + 0*c**3 - 13 - c**3 - 2481*c. Is o(k) composite?
False
Suppose -w - 6 = -3*j + 3, w = -3. Suppose j*f = 14 - 6. Let l(d) = 5*d**3 - 5*d**2 + 5*d - 1. Is l(f) prime?
False
Suppose -d - 107 = 7. Let x = 257 + d. Let h = 468 + x. Is h composite?
True
Let i(u) = 14*u - 20. Let o be i(2). Suppose -47049 - 10447 = -o*y. Is y a composite number?
False
Let d(c) = 3*c - 23 - 191*c**2 + 687*c**2 + 8*c. Is d(3) prime?
False
Suppose -5*c + 3*i + 6760 = -980, 2*c - 3*i = 3087. Suppose 2*q - 1931 - 16451 = -4*d, d - 2*q - 4588 = 0. Let g = d - c. Is g a prime number?
False
Let q = 715 + 106698. Is q a prime number?
False
Let a be 2 - ((-2960)/25 + (-15)/25). Suppose -5*j + 5*q = -1245, -4*q - a - 373 = -2*j. Is j a prime number?
True
Let l = 265878 + -140593. Is l a composite number?
True
Let y(o) = o**3 + 7 + 4*o**3 - 2*o**2 + 2*o**2 - 7*o + o**2 - 2*o**2. Is y(12) composite?
False
Let j be 730/6 - (-9)/27. Let p(k) = -3 - 2 - 93*k - 232*k - j*k. Is p(-2) a prime number?
False
Let h(a) = 1643*a**2 + 23*a + 37. Is h(11) a prime number?
False
Suppose -2*l = -y, 2*l - 7*